{"id":9574,"date":"2023-05-09T09:46:24","date_gmt":"2023-05-09T09:46:24","guid":{"rendered":"https:\/\/aimo.nypabbutiken.se\/?post_type=product&#038;p=9574"},"modified":"2023-05-10T09:56:08","modified_gmt":"2023-05-10T09:56:08","slug":"232-set-base-layer-w","status":"publish","type":"product","link":"https:\/\/aimo.nypabbutiken.se\/?product=232-set-base-layer-w","title":{"rendered":"Underst\u00e4ll 232 Set Base Layer w"},"content":{"rendered":"","protected":false},"excerpt":{"rendered":"<div class=\"MuiBox-root jss160\">\n<div class=\"MuiBox-root jss161\">\n<div class=\"MuiGrid-root MuiGrid-container MuiGrid-spacing-xs-10\">\n<div class=\"MuiGrid-root jss157 MuiGrid-item MuiGrid-grid-xs-12 MuiGrid-grid-md-5\">\n<div class=\"MuiBox-root jss251\">\n<div class=\"MuiBox-root jss260\">\n<div class=\"MuiTypography-root jss68 jss261\">Tr\u00f6ja och byxa. Tr\u00f6ja med rund hals. Mudd i \u00e4rm och benslut.<\/div>\n<\/div>\n<\/div>\n<\/div>\n<\/div>\n<\/div>\n<\/div>\n<div class=\"MuiBox-root jss263\"><\/div>\n","protected":false},"featured_media":9590,"template":"","meta":[],"product_brand":[],"product_cat":[108,77],"product_tag":[],"class_list":{"0":"post-9574","1":"product","2":"type-product","3":"status-publish","4":"has-post-thumbnail","6":"product_cat-p-vakter","7":"product_cat-tekniker","9":"first","10":"instock","11":"featured","12":"shipping-taxable","13":"purchasable","14":"product-type-variable"},"_links":{"self":[{"href":"https:\/\/aimo.nypabbutiken.se\/index.php?rest_route=\/wp\/v2\/product\/9574","targetHints":{"allow":["GET"]}}],"collection":[{"href":"https:\/\/aimo.nypabbutiken.se\/index.php?rest_route=\/wp\/v2\/product"}],"about":[{"href":"https:\/\/aimo.nypabbutiken.se\/index.php?rest_route=\/wp\/v2\/types\/product"}],"wp:featuredmedia":[{"embeddable":true,"href":"https:\/\/aimo.nypabbutiken.se\/index.php?rest_route=\/wp\/v2\/media\/9590"}],"wp:attachment":[{"href":"https:\/\/aimo.nypabbutiken.se\/index.php?rest_route=%2Fwp%2Fv2%2Fmedia&parent=9574"}],"wp:term":[{"taxonomy":"product_brand","embeddable":true,"href":"https:\/\/aimo.nypabbutiken.se\/index.php?rest_route=%2Fwp%2Fv2%2Fproduct_brand&post=9574"},{"taxonomy":"product_cat","embeddable":true,"href":"https:\/\/aimo.nypabbutiken.se\/index.php?rest_route=%2Fwp%2Fv2%2Fproduct_cat&post=9574"},{"taxonomy":"product_tag","embeddable":true,"href":"https:\/\/aimo.nypabbutiken.se\/index.php?rest_route=%2Fwp%2Fv2%2Fproduct_tag&post=9574"}],"curies":[{"name":"wp","href":"https:\/\/api.w.org\/{rel}","templated":true}]}}